oes 948 divide 55410894?
False
Is 183430350 a multiple of 225?
True
Is 68270249 a multiple of 259?
False
Is 103331016 a multiple of 1494?
True
Does 52 divide 97790200?
False
Does 242 divide 26509455?
False
Is 56 a factor of 46414318?
False
Is 11 a factor of 2572933242?
True
Is 479982517 a multiple of 14343?
False
Is 28403447 a multiple of 4?
False
Is 46 a factor of 378537772?
True
Is 39193753 a multiple of 2718?
False
Does 15 divide 72659070?
True
Is 140348150 a multiple of 3?
False
Is 354 a factor of 330698304?
True
Does 420 divide 19457981?
False
Is 585 a factor of 19801665?
True
Is 11128673 a multiple of 24?
False
Is 188207388 a multiple of 684?
True
Is 28 a factor of 188614175?
False
Is 7018393373 a multiple of 4981?
True
Is 2325712 a multiple of 10?
False
Is 6074 a factor of 56173974?
False
Does 11 divide 15537049?
True
Does 48 divide 64423526?
False
Does 103 divide 405930519?
True
Is 15896790 a multiple of 135?
True
Is 11634115 a multiple of 370?
False
Does 121 divide 132965690?
True
Is 14 a factor of 28595636?
False
Is 1229 a factor of 1209659227?
True
Is 89 a factor of 235672872?
False
Is 2911 a factor of 1487180413?
True
Is 234 a factor of 7326152?
False
Is 2510 a factor of 55086013?
False
Does 1193 divide 991859955?
False
Does 1775 divide 387700151?
False
Is 13825435 a multiple of 1135?
True
Is 1854 a factor of 58762530?
True
Is 3629152 a multiple of 19?
True
Is 6030708822 a multiple of 10507?
False
Is 1762493732 a multiple of 82?
True
Is 2585 a factor of 43161745?
True
Is 1946072291 a multiple of 3530?
False
Is 78 a factor of 18990660?
True
Does 41 divide 119468361?
False
Is 12024432 a multiple of 252?
True
Does 4 divide 8983066?
False
Is 42 a factor of 43521741?
False
Is 505336844 a multiple of 3158?
True
Is 184306857 a multiple of 1113?
False
Does 55 divide 6356845?
True
Does 1010 divide 177385290?
True
Is 3768 a factor of 221341739?
False
Is 372 a factor of 21633249?
False
Is 35 a factor of 9929290?
True
Is 334 a factor of 342258286?
False
Is 83 a factor of 28464186?
True
Is 19526279 a multiple of 512?
False
Does 4 divide 551474?
False
Is 57523819 a multiple of 111?
False
Is 366 a factor of 566644128?
True
Is 89038708 a multiple of 442?
False
Does 1312 divide 222219453?
False
Does 99 divide 1585098?
False
Does 2234 divide 1147914092?
True
Is 3972 a factor of 164073198?
False
Is 26 a factor of 2110903198?
False
Is 69 a factor of 413134395?
True
Is 1000378751 a multiple of 1949?
False
Does 76 divide 21457612?
True
Is 43 a factor of 299120556?
True
Is 18 a factor of 8403327?
False
Does 136 divide 6056165680?
True
Is 434 a factor of 50398317?
False
Does 9 divide 42394257?
True
Is 18 a factor of 1970565010?
False
Is 24 a factor of 34305445?
False
Is 6321 a factor of 1075562397?
True
Does 10 divide 32713550?
True
Is 676440396 a multiple of 1548?
True
Does 16 divide 2525567114?
False
Is 110 a factor of 329002520?
True
Is 170 a factor of 1197882503?
False
Is 745577811 a multiple of 99?
True
Is 1415519 a multiple of 19?
True
Is 426 a factor of 27556662?
True
Does 5 divide 25779290?
True
Is 57 a factor of 369653026?
False
Is 3168552715 a multiple of 30?
False
Is 81630889 a multiple of 35?
False
Does 733 divide 11822382?
False
Is 314100020 a multiple of 3796?
True
Is 38 a factor of 187307081?
False
Does 157 divide 50084099?
True
Is 35 a factor of 461281300?
False
Does 8 divide 6897808?
True
Is 10972628 a multiple of 16?
False
Is 80670106 a multiple of 116?
False
Does 330 divide 923576795?
False
Is 11045130 a multiple of 164?
False
Is 19 a factor of 200286528?
False
Is 81237471 a multiple of 52?
False
Is 796 a factor of 5778923845?
False
Does 2 divide 15210220?
True
Is 3474 a factor of 160006538?
False
Does 6 divide 397548000?
True
Is 155 a factor of 192112861?
False
Does 518 divide 178566187?
False
Is 10 a factor of 625762448?
False
Does 13 divide 2494084?
False
Does 451 divide 271158789?
True
Is 881668427 a multiple of 15?
False
Does 25 divide 588890650?
True
Is 2932341989 a multiple of 7883?
True
Does 56 divide 74970448?
True
Is 22840920 a multiple of 270?
True
Is 97330464 a multiple of 1078?
True
Does 61 divide 2225378?
False
Does 51 divide 217172310?
False
Is 62 a factor of 5700156?
True
Does 672 divide 198543744?
True
Does 430 divide 15882910?
True
Is 11318 a factor of 508687510?
True
Is 2231912900 a multiple of 3116?
True
Is 84108510 a multiple of 270?
True
Does 31 divide 804472103?
True
Does 27 divide 499151160?
True
Does 1473 divide 313187787?
True
Is 93 a factor of 697763306?
False
Is 61169382 a multiple of 51?
False
Is 44511660 a multiple of 20?
True
Is 15 a factor of 994965455?
False
Is 1883 a factor of 45943317?
True
Does 47 divide 4188895?
False
Does 951 divide 48666163?
False
Is 18307062 a multiple of 1652?
False
Is 2 a factor of 41417310?
True
Does 123 divide 3290716?
False
Does 364 divide 466820221?
False
Is 31 a factor of 11011343?
False
Is 952699532 a multiple of 3313?
True
Is 323 a factor of 15594117?
True
Is 518 a factor of 15906226?
True
Is 2506400 a multiple of 160?
True
Does 45 divide 337103203?
False
Is 2569 a factor of 424781581?
True
Does 401 divide 155630921?
False
Does 8 divide 66517385?
False
Is 26981598 a multiple of 120?
False
Is 2280 a factor of 68970000?
True
Is 8 a factor of 1173318?
False
Is 6 a factor of 69321218?
False
Is 40 a factor of 6197480?
True
Is 13117013 a multiple of 1547?
True
Is 12 a factor of 76164496?
False
Is 1096636564 a multiple of 299?
False
Does 113 divide 37839599?
False
Is 36981406 a multiple of 2?
True
Does 220 divide 18203020?
True
Does 2162 divide 2531826?
False
Does 178 divide 15275548?
False
Does 278 divide 166179951?
False
Is 1514272419 a multiple of 9?
True
Does 1131 divide 1281164001?
True
Is 23 a factor of 20393817?
False
Does 89 divide 485455484?
True
Does 44 divide 9044992?
True
Does 20 divide 254140860?
True
Is 182014035 a multiple of 54?
False
Is 72 a factor of 17353949?
False
Is 25516945 a multiple of 34?
False
Does 3413 divide 1432012888?
True
Is 1585 a factor of 309390415?
True
Does 91 divide 172318328?
True
Does 54 divide 1500322?
False
Is 1891 a factor of 330142129?
False
Does 12 divide 25999068?
True
Is 4984 a factor of 1896955256?
True
Is 55314912 a multiple of 12?
True
Does 533 divide 2004634761?
False
Does 176 divide 91361989?
False
Is 21 a factor of 592999826?
False
Does 9 divide 755352?
True
Is 4918 a factor of 551991402?
True
Is 44605665 a multiple of 117?
True
Is 534 a factor of 15089879?
False
Is 1937 a factor of 219545391?
True
Does 1919 divide 151208588?
False
Is 122 a factor of 22539126?
False
Is 483 a factor of 23796444?
True
Does 13 divide 36057138?
True
Does 17 divide 59317369?
True
Does 630 divide 9463230?
True
Is 1249570534 a multiple of 4033?
False
Does 1176 divide 10319892?
False
Is 1169 a factor of 45089204?
False
Is 397487295 a multiple of 45?
True
Is 15 a factor of 58254435?
True
Is 373 a factor of 619952110?
True
Does 42 divide 87613202?
False
Is 683042304 a multiple of 128?
True
Is 2190 a factor of 63052788?
False
Does 254 divide 1685435034?
True
Is 67169520 a multiple of 330?
True
Is 484175328 a multiple of 5187?
True
Is 7256250 a multiple of 645?
True
Does 1758 divide 32978322?
True
Does 17 divide 31059499?
False
Is 41 a factor of 3021126123?
True
Is 2041 a factor of 48916647?
True
Does 1110 divide 25387920?
True
Does 742 divide 28851557?
False
Is 112 a factor of 61556992?
True
Does 19 divide 1108439455?
False
Is 29 a factor of 39598488?
False
Is 19 a factor of 156472448?
True
Is 331385 a multiple of 948?
False
Is 101146831 a multiple of 16?
False
Is 64 a factor of 5396273128?
False
Is 235 a factor of 15474515?
True
Is 27 a factor of 32233302?
True
Is 31 a factor of 924351335?
True
Is 194 a factor of 710462689?
False
Is 453956633 a multiple of 4273?
False
Is 1199 a factor of 100822039?
False
Does 369 divide 374878908?
True
Does 212 divide 35716488?
True
Is 3857069 even?
False
Is 824344850 a multiple of 50?
True
Is 9 a factor of 81695320?
False
Does 93 divide 152996997?
True
Is 45980386 a multiple of 8?
False
Does 2416 divide 28557120?
True
Is 10 a factor of 189483210?
True
Is 456 a factor of 34526959?
False
Does 12 divide 462801180?
True
Does 18 divide 935132551?
False
Does 116 divide 3197888?
True
Does 19 divide 58385689?
True
Is 88253